{"id":2,"date":"2026-02-18T08:01:57","date_gmt":"2026-02-18T08:01:57","guid":{"rendered":"https:\/\/dev.biohof-pfeiffer.at\/TraubensaftCMS\/?page_id=2"},"modified":"2026-02-18T16:05:36","modified_gmt":"2026-02-18T16:05:36","slug":"em","status":"publish","type":"page","link":"https:\/\/biohof-pfeiffer.at\/TraubensaftCMS\/em\/","title":{"rendered":"EM"},"content":{"rendered":"\n<figure class=\"wp-block-image size-full\"><img loading=\"lazy\" decoding=\"async\" width=\"161\" height=\"128\" src=\"https:\/\/dev.biohof-pfeiffer.at\/TraubensaftCMS\/wp-content\/uploads\/2026\/02\/image.png\" alt=\"\" class=\"wp-image-17\"\/><\/figure>\n\n\n\n<p>EM &#8211; die Kurzform f\u00fcr Effektive Mikroorganismen &#8211; ist eine spezielle Mischung aus Mikroorganismen, die regenerative Prozesse unterst\u00fctzen und f\u00e4ulnisbildende Prozesse unterdr\u00fccken. Sie wurde vor ca. 30 Jahren vom japanischen Agrarwissenschaftler Teruo Higa entwickelt.<\/p>\n\n\n\n<p>Da wir EM schon jahrelang selbst sowohl auf unseren Feldern als auch in der Tierhaltung verwenden, k\u00f6nnen wir die positive Wirkung nur best\u00e4tigen.<\/p>\n\n\n\n<p>Als&nbsp;authorisierter&nbsp;<a href=\"http:\/\/www.multikraft.com\/\" target=\"_blank\" rel=\"noreferrer noopener\">Multikraft<\/a>&nbsp;EM-H ndler stehe ich (Leo) Ihnen gerne f\u00fcr ein Beratungsgespr\u00e4ch zur Verf\u00fcgung. Richten Sie diesbez\u00fcglich Ihre Anfrage bitte an&nbsp;<a href=\"mailto:em@biohof-pfeiffer.at\">em@biohof-pfeiffer.at<\/a>&nbsp; oder telefonisch unter der Nummer 0676 \/ 928 74 58.<\/p>\n\n\n\n<p><\/p>\n","protected":false},"excerpt":{"rendered":"<p>EM &#8211; die Kurzform f\u00fcr Effektive Mikroorganismen &#8211; ist eine spezielle Mischung aus Mikroorganismen, die regenerative Prozesse unterst\u00fctzen und f\u00e4ulnisbildende Prozesse unterdr\u00fccken. Sie wurde vor ca. 30 Jahren vom japanischen Agrarwissenschaftler Teruo Higa entwickelt. Da wir EM schon jahrelang selbst sowohl auf unseren Feldern als auch in der Tierhaltung verwenden, k\u00f6nnen wir die positive Wirkung [&hellip;]<\/p>\n","protected":false},"author":1,"featured_media":0,"parent":0,"menu_order":0,"comment_status":"closed","ping_status":"open","template":"","meta":{"footnotes":""},"class_list":["post-2","page","type-page","status-publish","hentry"],"_links":{"self":[{"href":"https:\/\/biohof-pfeiffer.at\/TraubensaftCMS\/wp-json\/wp\/v2\/pages\/2","targetHints":{"allow":["GET"]}}],"collection":[{"href":"https:\/\/biohof-pfeiffer.at\/TraubensaftCMS\/wp-json\/wp\/v2\/pages"}],"about":[{"href":"https:\/\/biohof-pfeiffer.at\/TraubensaftCMS\/wp-json\/wp\/v2\/types\/page"}],"author":[{"embeddable":true,"href":"https:\/\/biohof-pfeiffer.at\/TraubensaftCMS\/wp-json\/wp\/v2\/users\/1"}],"replies":[{"embeddable":true,"href":"https:\/\/biohof-pfeiffer.at\/TraubensaftCMS\/wp-json\/wp\/v2\/comments?post=2"}],"version-history":[{"count":3,"href":"https:\/\/biohof-pfeiffer.at\/TraubensaftCMS\/wp-json\/wp\/v2\/pages\/2\/revisions"}],"predecessor-version":[{"id":20,"href":"https:\/\/biohof-pfeiffer.at\/TraubensaftCMS\/wp-json\/wp\/v2\/pages\/2\/revisions\/20"}],"wp:attachment":[{"href":"https:\/\/biohof-pfeiffer.at\/TraubensaftCMS\/wp-json\/wp\/v2\/media?parent=2"}],"curies":[{"name":"wp","href":"https:\/\/api.w.org\/{rel}","templated":true}]}}